
Evaluate 11 - (-11 + -1 + (15 - 7)).
15
What is (-33 + (13 - 11) - -3) + (3 - 0)?
-25
Calculate (4 - -3) + (2 + -5 - (-7 + 3)).
8
Calculate (-6 + (-1 - -1) - -1) + (-5 - -8).
-2
What is 24 + (-5 - -12 - (12 - -2)) + -3?
14
-1 + 17 + (298 - 301)
13
What is the value of 4 + 5 + -14 + -2 + -5 + -3?
-15
Evaluate 1185 - 1177 - (6 - (-1 + 3)).
4
11 + -6 - (4 + -7 - 2)
10
Evaluate 65 - 68 - (3 - (5 + -4 - 5)).
-10
Calculate 14 - (15 - (-6 + (9 - 1) - -4)).
5
Evaluate (30 - 1) + -31 - -15.
13
Calculate (-24 - -28) + (-8 - -1) + 6.
3
(1 - 23 - -15) + -11 + 2 + -2
-18
What is the value of 5 + (13 - 5 - 10) + 1?
4
What is -1397 + 1402 + 8 + -2 + (1 - 1)?
11
What is the value of -21 - (17 + -13 - 11)?
-14
-7 + -38 + -23 + 97
29
1 + (44 - (36 - 1))
10
(6 - 12 - 7) + -2 + 8
-7
Calculate (-7 - -5) + 1 + 2 + -1.
0
What is -5 + (28 - 15) + 1?
9
2 + -26 + 176 + -152
0
-43 + 36 + ((9 - 2) + -3 - 1)
-4
What is the value of -7 - (6 + (1 - (5 + 7)))?
-2
Calculate -10 + (13 - (-8 - -17 - 2)).
-4
Calculate -9 + 8 + 6 + 3 + (-23 - -3).
-12
Evaluate -47 - -1 - (20 + -45).
-21
What is the value of (-10 - ((-12 - 6) + -1)) + -22?
-13
Evaluate -28 + (-3 - 5) + 22.
-14
What is -4 + (-26 - -9) + 11?
-10
Calculate 4 + (-1 - -18 - (515 - 503)).
9
Calculate 15 + 28 + -39 + (11 - 2).
13
What is the value of 29 + 1 + 11 + -21 + 0 + 2?
22
9 - 15 - 0 - 8
-14
Calculate 39 - ((12 - 6) + -10) - 16.
27
What is the value of -5 - (1 - (10 + 14))?
18
What is -13 + (-6 - (-1 - 13 - 4) - 5)?
-6
Calculate (7631 - 7642) + (-14 - (0 - 1)).
-24
Calculate 7 - (-6 + 10 - -16).
-13
What is (-42 - 20) + 16 + 66?
20
What is the value of (0 - -8) + (-1 + -5 - (17 - 16))?
1
Calculate 12 + (-14 - -24) + -14 + 13.
21
What is (-8 - -2) + 0 - ((10 - 12) + 7)?
-11
Evaluate (-6 - 1) + (7 + (12 - -5) - 2).
15
What is the value of (-8 - (4 - 1)) + 16 + -20?
-15
3 + -11 - (10 + (-20 - -10)) - -20
12
What is the value of -4 + (-13 - -11) + -3 - -6?
-3
-3 + 3 + 0 - (-3 - (4 + -9))
-2
(-36 - -22) + -11 + 12
-13
What is -1 + 0 + 0 + -23 + 38 + -37?
-23
Evaluate -7 - ((-2123 - -2114) + 2 + -1 + 15).
-14
What is (15 - 8 - 0) + (-10 - -15)?
12
Calculate 22 - (10 + 5 + 4) - -26.
29
Calculate 9 + 1 + (4 - 6) + -2 + 12.
18
(-25 - (18 + -33)) + -9
-19
(2 - 13) + -11 + 15 - (-18 - 0)
11
-25 - (26 - (63 + 2))
14
Calculate (7 - -6) + -6 + (16 + -3 - 4).
16
What is the value of -6 - -1 - -22 - (21 + -19)?
15
Calculate (-14 + -2 - -8) + (0 - -7) + -6.
-7
Calculate -7 + -17 - -15 - 2.
-11
-22 + 1 + 26 + 5 + -1
9
11 - (13 + -7 + (9 - 2) + -7)
5
What is the value of -60 + (47 - 27) - -14?
-26
Evaluate 15 - -1 - (-188 - -210).
-6
What is the value of -8 + (5 - (7 + 0 - 8 - 3))?
1
What is -4 + (10 - 0) + -14 + -22?
-30
What is the value of -70 + 63 + (23 - -1)?
17
Calculate -175 + 178 - (1 - -8).
-6
46 + -19 + (-19 - -1)
9
What is the value of 32 + (160 + -165 - (0 + 8))?
19
What is (2 + 8 - (4 + 0)) + 7 + -14?
-1
Calculate 9 + -2 - (23 + -8) - 10.
-18
Evaluate 4 + -12 + 5 + (5 - 3) + 0.
-1
Calculate 8 + (-6 - (8 + 1)).
-7
Evaluate 0 + (24 + -13 - (8 + -18)).
21
Evaluate -7 + 7 + 16 - 15.
1
Calculate 19 + -32 + 5 + 19.
11
What is the value of -432 - -418 - (4 + 18)?
-36
Calculate -5 + 3 + 6 - (-6 - 3).
13
Calculate 0 + -2 - (-83 + 87).
-6
Evaluate 1 + (-5 - (-6 - (1 + 1 - 4))).
0
Evaluate 5 - (-7 - 1 - -6) - (4 + 8).
-5
Evaluate -3 + -5 + 7 + -7 - -6.
-2
Evaluate 171 - 178 - (22 - (-2 - (-4 - -4))).
-31
Calculate 17 + -16 + 6 + (-1 - 1 - -2).
7
What is the value of -18 + 42 + -13 + 7?
18
What is 21 + (-12 + 9 - 29)?
-11
What is (-10 - -9 - 10 - -5) + (-7 - 1)?
-14
What is the value of -89 + 102 - (2 + 3 + 28)?
-20
Evaluate -8 - -4 - (-5 + 3).
-2
Calculate (23 - -2 - 24) + -9 + -1.
-9
What is (-21 - (-14 + 8)) + 24?
9
What is 32 + -34 + (2 - -1) + -12?
-11
What is 2 + (36 - (14 + -22 - -11))?
35
Calculate (-21 - -10) + 6 + 9 + -5.
-1
Calculate (8 - (-2 + 6 - -3)) + -6 - -11.
6
What is the value of 3 - (6 - ((3 - (7 - 5)) + -13))?
-15
Calculate -13 + (2 - 3) + -3 + (372 - 381).
-26
What is -99 + 90 + (-1 - -2) + 8?
0
-293 + 294 - (-6 + 3 + 3 + -2)
3
63 + -73 + 26 + 3
19
What is (3 - (-5 + 0)) + 1 + -19?
-10
21 + (-8 - (17 - 8))
4
What is the value of -2 + -37 + (248 - 220)?
-11
1 + 15 + -5 + -15
-4
What is the value of -3 + -49 + 46 + (-3 - (-10 + 3))?
-2
1 + 6 - (-39 - -33)
13
What is 25 + (6 - (33 - 8))?
6
Evaluate (-26 - -39) + 3 + -19.
-3
-48 - (-68 - -36) - (-1 + 1 + 1)
-17
1 - (52 - 45) - -34
28
2 - 0 - (2 + (17 - -3) - 4)
-16
5 + -2 + -28 - -6
-19
Evaluate (9 - -22) + (-12 - (-6 - -4)).
21
Calculate (-1 - (4 - 3)) + (-4 + 6 - -13).
13
Evaluate (26 - (35 + -12)) + (-1 - 1 - 0).
1
Evaluate -369 + 370 + (-1 - (2 - 8) - 2).
4
What is the value of 11 + (6 - 1 - 20) + 6?
2
What is (-373 - -374) + (-15 - (0 + 0))?
-14
-11 + -21 + -5 + (19 - 11) + -3
-32
What is the value of 12 - 34 - ((-3 - -4) + -7 - -1)?
-17
Evaluate -24 - (18 - 67) - 7.
18
Calculate 6 + -8 + -4 - (-6 - -7 - -2).
-9
-40 + (34 - (15 + -4) - 15)
-32
What is (10 - 1) + -126 + 123?
6
0 + 12 + -1 + (-19 - (-25 - -12))
5
Calculate (-3 - -5) + -2 - -5 - 13.
-8
Calculate -15 - -2 - (-10 + 7).
-10
What is the value of 4 - (-4 - ((-1 - -2) + -11))?
-2
Calculate 1 + -7 + -23 + 26 - -3.
0
1 - (-17 + 6) - (-47 + 39)
20
What is the value of (30 - (-1 - (-2 - 0))) + (201 - 201)?
29
Calculate 84 + -74 - (3 - 1).
8
1 + -11 + (16 - 18 - (-3 - 0))
-9
What is the value of -498 + 504 - (-2 + 6 - 1)?
3
What is the value of -27 - (-33 + 0 + -18)?
24
Calculate -3 + 22 - 3 - 20.
-4
5 + -1 - (5 - 9)
8
Evaluate 19 + -1 - (-32 - -36).
14
Calculate -17 + 19 - (17 - (8 + 1)).
-6
Evaluate -11 + -6 + 13 + 4 + -9.
-9
16 - -28 - 34 - 8
2
Evaluate 13 - (30 - 30) - 41.
-28
What is 7 - -4 - -13 - 28?
-4
-2 + -4 + 0 + (5 - 3) + 15
11
Evaluate (-2 - 20) + -194 + 211.
-5
What is the value of (-2 - -46) + 18 + -25 + -24 + 26?
39
What is the value of -3 + 18 + -8 + (-17 - -29)?
19
Calculate -8 + -8 + 6 + 2 + 1.
-7
Calculate 3 - 4 - 5 - 1 - -9.
2
17 - (2 + -1 + 195 + -216)
37
-36 + 23 + (1 - 11)
-23
Evaluate -5 - ((-2 - 4) + 7 - (3 + -1)).
-4
Evaluate -23 + 6 + 6 - (-30 - -26).
-7
Calculate -6 + (-10 - (1 - 22) - 13).
-8
15 + 1 + 0 + 27 + -11
32
Evaluate 27 + -22 + (12 - 11).
6
-3 - (11 - (-6 - -8))
-12
Evaluate (0 - 3) + (-27 + 17 - -5).
-8
What is -3 - (7 + -9 + -6 + 14)?
-9
8 + (-21 + -2 - (-9 + 1))
-7
What is the value of 21 - (26 + -11) - 15?
-9
Evaluate -7 - (-24 - 1) - 8 - 2.
8
Calculate (0 + -16 - -10) + 10.
4
What is 13 - (7 + -16 + 16)?
6
Calculate (-6 - -3) + -1 + 5 - (6 - 23).
18
Calculate (3 - -26) + -31 - ((1 - -3) + -2).
-4
Evaluate -30 - ((-1 + -2 - 0) + -6).
-21
(-4 - 2) + 27 - (5 - -4)
12
What is (6 + -3 - 9) + (-1 - (7 - 2))?
-12
What is the value of -10 - 24 - -17 - -21?
4
-8 + (3 - -12) + -2
5
Calculate -39 + 25 + (1 - (11 - (7 + -7))).
-24
What is (0 - 9) + -9 + -22 + 40?
0
What is -758 + 728 - (0 + -18)?
-12
Evaluate 11 + 1 - (-1818 - -1791).
39
-14 - (15 + 0 - 40)
11
Evaluate (-33 - -21) + (-28 - -25).
-15
217 - 211 - (0 + -5 - (2 + -3))
10
What is -16 - -24 - (3 - 3) - 5?
3
-44 + -1 + 9 + (2 - -10)
-24
What is (-30 - -25) + -48 + 35?
-18
2 + (4 - (-5 + 9)) + 3 + -1
4
What is 4 + 13 + -1 + -7?
9
What is (2 - (9 - 11)) + 17 + (9 - 20)?
10
Calculate -10 + (39 + -49 + (19 - 1) - 2).
-4
Calculate -23 + 23 + 11 - (-10 - 0).
21
What is the value of (0 - -11) + -2 + 55 + -44?
20
What is -252 - -235 - (-2 + 9)?
-24
Calculate (8 - 7 - -21 - 13) + -6.
3
(-1 + -11 - -14) + 8 + 3
13
What is (0 - -8) + 3 - (24 + -54 + 28)?
13
Evaluate 4 + -8 + -25 + 26.
-3
What is (0 - -4 - 17) + 6 - (-17 + -13)?
23
Calculate 27 - (4 + -25) - 32.
16
What is the value of -22 + (13 - -10) - (1 - 0) - -4?
4
Calculate (10 - (-8 - -24)) + 5 + -4 - -7.
2
Evaluate -1 + 7 + -2 + -10 + -5.
-11
Evaluate -26 + 1 - (-996 + 1003).
-32
Calculate (5 - (5 + 7 + -15)) + (9 - 2).
15
Evaluate 34 + 2 + -1 + -4 + (-3 - 4).
24
What is the value of -1 - (-26 + (-9 - -35) - (0 - 6))?
-7
What is the value of 17 - (11 + -9 + -3 + -7) - -1?
26
0 + -9 - (-10 + 8 - 3)
-4
Evaluate (13 - 35) + 10 - 5.
-17
(10 - 1 - (14 - 13)) + -8
0
What is the value of 7 + -3 + (-112 - -123)?
15
What is the value of 2 - 9 - 0 - (-50 + 46) - -19?
16
What is the value of (6 - 7 - -15) + -15?
-1
Calculate -5 + -8 + (9 - -10).
6
Calculate 94 + -98 + (12 -